{"id":15,"date":"2020-03-06T14:04:10","date_gmt":"2020-03-06T14:04:10","guid":{"rendered":"http:\/\/www.richtigeslernen.ch\/cms\/?page_id=15"},"modified":"2026-03-19T15:05:09","modified_gmt":"2026-03-19T15:05:09","slug":"nachhilfe-waedenswil-richtiges-lernen","status":"publish","type":"page","link":"https:\/\/www.richtigeslernen.ch\/cms\/","title":{"rendered":"Home"},"content":{"rendered":"\n<div style=\"display:none;\">\nNachhilfe W\u00e4denswil \u2013 professionelle Lernunterst\u00fctzung f\u00fcr Sch\u00fcler aller Stufen.\n<\/div>\n\n\n\n<p class=\"has-black-color has-text-color has-link-color wp-elements-0ca8bee93be126de6f39f7ad45f58db0\"><br>Willkommen bei RICHTIGES LERNEN in W\u00e4denswil am Z\u00fcrichsee.<\/p>\n\n\n\n<p class=\"has-black-color has-text-color has-link-color wp-elements-f44add4a274eb6cc24fb8175f18b1bd0\"><br>Unsere Angebote f\u00fcr Schulkinder der Primar-, Sekundarschulen und Gymnasium:<\/p>\n\n\n\n<div style=\"display:none;\">\nNachhilfe W\u00e4denswil Nachhilfe W\u00e4denswil Lerncoaching W\u00e4denswil Gymivorbereitung W\u00e4denswil Nachhilfe Z\u00fcrichsee\n<\/div>\n\n\n\n<div style=\"display:none;\">\nNachhilfe W\u00e4denswil bietet individuelle F\u00f6rderung f\u00fcr Sch\u00fcler der Primar-, Sekundar- und Gymnasialstufe. Unsere Lernmethoden helfen beim besseren Verst\u00e4ndnis des Schulstoffs, steigern die Noten und bereiten optimal auf Pr\u00fcfungen vor.\n\nDurch gezieltes Lerncoaching und strukturierte Nachhilfe W\u00e4denswil wird nachhaltiges Lernen erm\u00f6glicht. Eltern und Sch\u00fcler profitieren von unserer Erfahrung und der pers\u00f6nlichen Betreuung im Unterricht.\n\nUnsere Nachhilfe W\u00e4denswil umfasst Pr\u00fcfungsvorbereitung, schulbegleitende Unterst\u00fctzung und gezielte F\u00f6rderung in schwierigen F\u00e4chern. Ziel ist es, Sicherheit zu gewinnen und langfristig bessere schulische Leistungen zu erzielen.\n\nWir unterst\u00fctzen Sch\u00fcler aus W\u00e4denswil, Horgen, Richterswil und der gesamten Region Z\u00fcrichsee mit individueller Lernbegleitung.\n<\/div>\n\n\n\n<p class=\"has-black-color has-text-color has-link-color wp-elements-d0eca0bf31ff6a8e94242d0d48ab5190\"><strong>Die prim\u00e4re Schule f\u00fcr<\/strong><\/p>\n\n\n\n<ul class=\"wp-block-list\">\n<li class=\"has-black-color has-text-color has-link-color wp-elements-6c0dfee8ad2439262beae538fd035f80\">Nachhilfe in Mathematik und Deutsch ab 5. Kl.<\/li>\n\n\n\n<li class=\"has-black-color has-text-color has-link-color wp-elements-eeaf2f2d2fd55d43474cbd10a7a3e452\">Pr\u00fcfungsvorbereitung Gym 6. Kl.<\/li>\n\n\n\n<li class=\"has-black-color has-text-color has-link-color wp-elements-8bd35591941cd1bb5f698cb029b30845\">Probezeitbegleitung 1. Gym<\/li>\n\n\n\n<li class=\"has-black-color has-text-color has-link-color wp-elements-11cadb1a314d1579995d04074e667e81\">Schulbegleitende Unterst\u00fctzung f\u00fcr die Sekundarschule<\/li>\n\n\n\n<li class=\"has-black-color has-text-color has-link-color wp-elements-93678069d8e908d4025e702caa2474ef\">\u00dcbertrittsvorbereitung f\u00fcr Kurzgymi und BMS (2. und 3. Sek)<\/li>\n<\/ul>\n\n\n\n<p class=\"has-black-color has-text-color has-link-color wp-elements-121c45cf7ea23fe6f94e083a9cf00723\"><strong>Wir bieten<\/strong><\/p>\n\n\n\n<ul class=\"wp-block-list\">\n<li class=\"has-black-color has-text-color has-link-color wp-elements-afc64e3cbd0c5195b150c68b06622d98\">Langj\u00e4hrige Lehr-Erfahrung<\/li>\n\n\n\n<li class=\"has-black-color has-text-color has-link-color wp-elements-488cdb09e30f270f8de5c5bcd8c3146e\">60 Min. Lektionen<\/li>\n\n\n\n<li class=\"has-black-color has-text-color has-link-color wp-elements-e5de49dc48be4dfc18baaa5bfb4e1df7\">Einzel- und Gruppenunterricht mit max 4 Sch\u00fclern<\/li>\n\n\n\n<li class=\"has-black-color has-text-color has-link-color wp-elements-fc8b2d8a53611091ed1031e2dc796d29\">Freude am Lernen<\/li>\n<\/ul>\n\n\n\n<figure class=\"wp-block-image size-full is-resized\"><img loading=\"lazy\" decoding=\"async\" width=\"509\" height=\"678\" src=\"http:\/\/www.richtigeslernen.ch\/cms\/wp-content\/uploads\/2026\/03\/image008.jpg\" alt=\"\" class=\"wp-image-186\" style=\"width:339px;height:auto\" srcset=\"https:\/\/www.richtigeslernen.ch\/cms\/wp-content\/uploads\/2026\/03\/image008.jpg 509w, https:\/\/www.richtigeslernen.ch\/cms\/wp-content\/uploads\/2026\/03\/image008-225x300.jpg 225w\" sizes=\"auto, (max-width: 509px) 100vw, 509px\" \/><\/figure>\n\n\n\n<p>Erfahren Sie mehr <a href=\"http:\/\/www.richtigeslernen.ch\/cms\/ueber-uns\/\">\u00fcber uns <\/a>und unsere Schule &#8211; klicken Sie bitte <a href=\"http:\/\/www.richtigeslernen.ch\/cms\/ueber-uns\/\">hier<\/a>. <\/p>\n\n\n\n<p>.<\/p>\n\n\n\n<div style=\"display:none;\">\n<a href=\"https:\/\/share.google\/aqm5IHRJitzFOjNsd\" target=\"_blank\">Google Business Richtiges Lernen<\/a>\n<\/div>\n\n\n\n<p><\/p>\n","protected":false},"excerpt":{"rendered":"<p>Nachhilfe W\u00e4denswil \u2013 professionelle Lernunterst\u00fctzung f\u00fcr Sch\u00fcler aller Stufen. Willkommen bei RICHTIGES LERNEN in W\u00e4denswil am Z\u00fcrichsee. Unsere Angebote f\u00fcr Schulkinder der Primar-, Sekundarschulen und Gymnasium: Nachhilfe W\u00e4denswil Nachhilfe W\u00e4denswil &#8230;<\/p>\n","protected":false},"author":1,"featured_media":0,"parent":0,"menu_order":0,"comment_status":"closed","ping_status":"closed","template":"","meta":{"footnotes":""},"class_list":["post-15","page","type-page","status-publish","hentry"],"yoast_head":"<!-- This site is optimized with the Yoast SEO plugin v27.1.1 - https:\/\/yoast.com\/product\/yoast-seo-wordpress\/ -->\n<title>Nachhilfe W\u00e4denswil | Richtiges Lernen<\/title>\n<meta name=\"description\" content=\"Professionelle Nachhilfe in W\u00e4denswil f\u00fcr Primar-, Sekundar- und Gymnasium. Individuelle F\u00f6rderung und Pr\u00fcfungsvorbereitung.\" \/>\n<meta name=\"robots\" content=\"index, follow, max-snippet:-1, max-image-preview:large, max-video-preview:-1\" \/>\n<link rel=\"canonical\" href=\"https:\/\/www.richtigeslernen.ch\/cms\/\" \/>\n<meta property=\"og:locale\" content=\"de_DE\" \/>\n<meta property=\"og:type\" content=\"article\" \/>\n<meta property=\"og:title\" content=\"Nachhilfe W\u00e4denswil | Richtiges Lernen\" \/>\n<meta property=\"og:description\" content=\"Professionelle Nachhilfe in W\u00e4denswil f\u00fcr Primar-, Sekundar- und Gymnasium. Individuelle F\u00f6rderung und Pr\u00fcfungsvorbereitung.\" \/>\n<meta property=\"og:url\" content=\"https:\/\/www.richtigeslernen.ch\/cms\/\" \/>\n<meta property=\"og:site_name\" content=\"Richtiges Lernen\" \/>\n<meta property=\"article:modified_time\" content=\"2026-03-19T15:05:09+00:00\" \/>\n<meta property=\"og:image\" content=\"https:\/\/www.richtigeslernen.ch\/cms\/wp-content\/uploads\/2026\/03\/image008.jpg\" \/>\n\t<meta property=\"og:image:width\" content=\"509\" \/>\n\t<meta property=\"og:image:height\" content=\"678\" \/>\n\t<meta property=\"og:image:type\" content=\"image\/jpeg\" \/>\n<meta name=\"twitter:card\" content=\"summary_large_image\" \/>\n<meta name=\"twitter:label1\" content=\"Gesch\u00e4tzte Lesezeit\" \/>\n\t<meta name=\"twitter:data1\" content=\"2\u00a0Minuten\" \/>\n<script type=\"application\/ld+json\" class=\"yoast-schema-graph\">{\"@context\":\"https:\/\/schema.org\",\"@graph\":[{\"@type\":\"WebPage\",\"@id\":\"https:\/\/www.richtigeslernen.ch\/cms\/\",\"url\":\"https:\/\/www.richtigeslernen.ch\/cms\/\",\"name\":\"Nachhilfe W\u00e4denswil | Richtiges Lernen\",\"isPartOf\":{\"@id\":\"https:\/\/www.richtigeslernen.ch\/cms\/#website\"},\"primaryImageOfPage\":{\"@id\":\"https:\/\/www.richtigeslernen.ch\/cms\/#primaryimage\"},\"image\":{\"@id\":\"https:\/\/www.richtigeslernen.ch\/cms\/#primaryimage\"},\"thumbnailUrl\":\"http:\/\/www.richtigeslernen.ch\/cms\/wp-content\/uploads\/2026\/03\/image008.jpg\",\"datePublished\":\"2020-03-06T14:04:10+00:00\",\"dateModified\":\"2026-03-19T15:05:09+00:00\",\"description\":\"Professionelle Nachhilfe in W\u00e4denswil f\u00fcr Primar-, Sekundar- und Gymnasium. Individuelle F\u00f6rderung und Pr\u00fcfungsvorbereitung.\",\"breadcrumb\":{\"@id\":\"https:\/\/www.richtigeslernen.ch\/cms\/#breadcrumb\"},\"inLanguage\":\"de-CH\",\"potentialAction\":[{\"@type\":\"ReadAction\",\"target\":[\"https:\/\/www.richtigeslernen.ch\/cms\/\"]}]},{\"@type\":\"ImageObject\",\"inLanguage\":\"de-CH\",\"@id\":\"https:\/\/www.richtigeslernen.ch\/cms\/#primaryimage\",\"url\":\"https:\/\/www.richtigeslernen.ch\/cms\/wp-content\/uploads\/2026\/03\/image008.jpg\",\"contentUrl\":\"https:\/\/www.richtigeslernen.ch\/cms\/wp-content\/uploads\/2026\/03\/image008.jpg\",\"width\":509,\"height\":678},{\"@type\":\"BreadcrumbList\",\"@id\":\"https:\/\/www.richtigeslernen.ch\/cms\/#breadcrumb\",\"itemListElement\":[{\"@type\":\"ListItem\",\"position\":1,\"name\":\"Startseite\",\"item\":\"https:\/\/www.richtigeslernen.ch\/cms\/\"},{\"@type\":\"ListItem\",\"position\":2,\"name\":\"Home\"}]},{\"@type\":\"WebSite\",\"@id\":\"https:\/\/www.richtigeslernen.ch\/cms\/#website\",\"url\":\"https:\/\/www.richtigeslernen.ch\/cms\/\",\"name\":\"Richtiges Lernen\",\"description\":\"Ingrid Allen\",\"publisher\":{\"@id\":\"https:\/\/www.richtigeslernen.ch\/cms\/#organization\"},\"potentialAction\":[{\"@type\":\"SearchAction\",\"target\":{\"@type\":\"EntryPoint\",\"urlTemplate\":\"https:\/\/www.richtigeslernen.ch\/cms\/?s={search_term_string}\"},\"query-input\":{\"@type\":\"PropertyValueSpecification\",\"valueRequired\":true,\"valueName\":\"search_term_string\"}}],\"inLanguage\":\"de-CH\"},{\"@type\":\"Organization\",\"@id\":\"https:\/\/www.richtigeslernen.ch\/cms\/#organization\",\"name\":\"Richtiges Lernen\",\"url\":\"https:\/\/www.richtigeslernen.ch\/cms\/\",\"logo\":{\"@type\":\"ImageObject\",\"inLanguage\":\"de-CH\",\"@id\":\"https:\/\/www.richtigeslernen.ch\/cms\/#\/schema\/logo\/image\/\",\"url\":\"https:\/\/www.richtigeslernen.ch\/cms\/wp-content\/uploads\/2020\/03\/cropped-rl_ban.jpg\",\"contentUrl\":\"https:\/\/www.richtigeslernen.ch\/cms\/wp-content\/uploads\/2020\/03\/cropped-rl_ban.jpg\",\"width\":356,\"height\":80,\"caption\":\"Richtiges Lernen\"},\"image\":{\"@id\":\"https:\/\/www.richtigeslernen.ch\/cms\/#\/schema\/logo\/image\/\"}}]}<\/script>\n<!-- \/ Yoast SEO plugin. -->","yoast_head_json":{"title":"Nachhilfe W\u00e4denswil | Richtiges Lernen","description":"Professionelle Nachhilfe in W\u00e4denswil f\u00fcr Primar-, Sekundar- und Gymnasium. Individuelle F\u00f6rderung und Pr\u00fcfungsvorbereitung.","robots":{"index":"index","follow":"follow","max-snippet":"max-snippet:-1","max-image-preview":"max-image-preview:large","max-video-preview":"max-video-preview:-1"},"canonical":"https:\/\/www.richtigeslernen.ch\/cms\/","og_locale":"de_DE","og_type":"article","og_title":"Nachhilfe W\u00e4denswil | Richtiges Lernen","og_description":"Professionelle Nachhilfe in W\u00e4denswil f\u00fcr Primar-, Sekundar- und Gymnasium. Individuelle F\u00f6rderung und Pr\u00fcfungsvorbereitung.","og_url":"https:\/\/www.richtigeslernen.ch\/cms\/","og_site_name":"Richtiges Lernen","article_modified_time":"2026-03-19T15:05:09+00:00","og_image":[{"width":509,"height":678,"url":"https:\/\/www.richtigeslernen.ch\/cms\/wp-content\/uploads\/2026\/03\/image008.jpg","type":"image\/jpeg"}],"twitter_card":"summary_large_image","twitter_misc":{"Gesch\u00e4tzte Lesezeit":"2\u00a0Minuten"},"schema":{"@context":"https:\/\/schema.org","@graph":[{"@type":"WebPage","@id":"https:\/\/www.richtigeslernen.ch\/cms\/","url":"https:\/\/www.richtigeslernen.ch\/cms\/","name":"Nachhilfe W\u00e4denswil | Richtiges Lernen","isPartOf":{"@id":"https:\/\/www.richtigeslernen.ch\/cms\/#website"},"primaryImageOfPage":{"@id":"https:\/\/www.richtigeslernen.ch\/cms\/#primaryimage"},"image":{"@id":"https:\/\/www.richtigeslernen.ch\/cms\/#primaryimage"},"thumbnailUrl":"http:\/\/www.richtigeslernen.ch\/cms\/wp-content\/uploads\/2026\/03\/image008.jpg","datePublished":"2020-03-06T14:04:10+00:00","dateModified":"2026-03-19T15:05:09+00:00","description":"Professionelle Nachhilfe in W\u00e4denswil f\u00fcr Primar-, Sekundar- und Gymnasium. Individuelle F\u00f6rderung und Pr\u00fcfungsvorbereitung.","breadcrumb":{"@id":"https:\/\/www.richtigeslernen.ch\/cms\/#breadcrumb"},"inLanguage":"de-CH","potentialAction":[{"@type":"ReadAction","target":["https:\/\/www.richtigeslernen.ch\/cms\/"]}]},{"@type":"ImageObject","inLanguage":"de-CH","@id":"https:\/\/www.richtigeslernen.ch\/cms\/#primaryimage","url":"https:\/\/www.richtigeslernen.ch\/cms\/wp-content\/uploads\/2026\/03\/image008.jpg","contentUrl":"https:\/\/www.richtigeslernen.ch\/cms\/wp-content\/uploads\/2026\/03\/image008.jpg","width":509,"height":678},{"@type":"BreadcrumbList","@id":"https:\/\/www.richtigeslernen.ch\/cms\/#breadcrumb","itemListElement":[{"@type":"ListItem","position":1,"name":"Startseite","item":"https:\/\/www.richtigeslernen.ch\/cms\/"},{"@type":"ListItem","position":2,"name":"Home"}]},{"@type":"WebSite","@id":"https:\/\/www.richtigeslernen.ch\/cms\/#website","url":"https:\/\/www.richtigeslernen.ch\/cms\/","name":"Richtiges Lernen","description":"Ingrid Allen","publisher":{"@id":"https:\/\/www.richtigeslernen.ch\/cms\/#organization"},"potentialAction":[{"@type":"SearchAction","target":{"@type":"EntryPoint","urlTemplate":"https:\/\/www.richtigeslernen.ch\/cms\/?s={search_term_string}"},"query-input":{"@type":"PropertyValueSpecification","valueRequired":true,"valueName":"search_term_string"}}],"inLanguage":"de-CH"},{"@type":"Organization","@id":"https:\/\/www.richtigeslernen.ch\/cms\/#organization","name":"Richtiges Lernen","url":"https:\/\/www.richtigeslernen.ch\/cms\/","logo":{"@type":"ImageObject","inLanguage":"de-CH","@id":"https:\/\/www.richtigeslernen.ch\/cms\/#\/schema\/logo\/image\/","url":"https:\/\/www.richtigeslernen.ch\/cms\/wp-content\/uploads\/2020\/03\/cropped-rl_ban.jpg","contentUrl":"https:\/\/www.richtigeslernen.ch\/cms\/wp-content\/uploads\/2020\/03\/cropped-rl_ban.jpg","width":356,"height":80,"caption":"Richtiges Lernen"},"image":{"@id":"https:\/\/www.richtigeslernen.ch\/cms\/#\/schema\/logo\/image\/"}}]}},"_links":{"self":[{"href":"https:\/\/www.richtigeslernen.ch\/cms\/wp-json\/wp\/v2\/pages\/15","targetHints":{"allow":["GET"]}}],"collection":[{"href":"https:\/\/www.richtigeslernen.ch\/cms\/wp-json\/wp\/v2\/pages"}],"about":[{"href":"https:\/\/www.richtigeslernen.ch\/cms\/wp-json\/wp\/v2\/types\/page"}],"author":[{"embeddable":true,"href":"https:\/\/www.richtigeslernen.ch\/cms\/wp-json\/wp\/v2\/users\/1"}],"replies":[{"embeddable":true,"href":"https:\/\/www.richtigeslernen.ch\/cms\/wp-json\/wp\/v2\/comments?post=15"}],"version-history":[{"count":16,"href":"https:\/\/www.richtigeslernen.ch\/cms\/wp-json\/wp\/v2\/pages\/15\/revisions"}],"predecessor-version":[{"id":189,"href":"https:\/\/www.richtigeslernen.ch\/cms\/wp-json\/wp\/v2\/pages\/15\/revisions\/189"}],"wp:attachment":[{"href":"https:\/\/www.richtigeslernen.ch\/cms\/wp-json\/wp\/v2\/media?parent=15"}],"curies":[{"name":"wp","href":"https:\/\/api.w.org\/{rel}","templated":true}]}}